{"id":55,"date":"2018-04-25T12:37:30","date_gmt":"2018-04-25T12:37:30","guid":{"rendered":"https:\/\/puglieseadvogados.com.br\/site\/?page_id=55"},"modified":"2018-05-27T13:41:21","modified_gmt":"2018-05-27T13:41:21","slug":"constitucional-imobiliario","status":"publish","type":"page","link":"https:\/\/puglieseadvogados.com.br\/site\/constitucional-imobiliario\/","title":{"rendered":"Direito Constitucional Imobili\u00e1rio"},"content":{"rendered":"<p><strong>Ocupa\u00e7\u00f5es, fun\u00e7\u00e3o social, tombamentos, parques, reservas florestais, jazidas minerais, desapropria\u00e7\u00e3o<\/strong><\/p>\n<p><img loading=\"lazy\" class=\"size-full wp-image-427 alignleft\" src=\"https:\/\/puglieseadvogados.com.br\/site\/wp-content\/uploads\/2018\/05\/CONSTITUCIONAL.jpg\" alt=\"\" width=\"200\" height=\"200\" srcset=\"https:\/\/puglieseadvogados.com.br\/site\/wp-content\/uploads\/2018\/05\/CONSTITUCIONAL.jpg 200w, https:\/\/puglieseadvogados.com.br\/site\/wp-content\/uploads\/2018\/05\/CONSTITUCIONAL-150x150.jpg 150w, https:\/\/puglieseadvogados.com.br\/site\/wp-content\/uploads\/2018\/05\/CONSTITUCIONAL-100x100.jpg 100w\" sizes=\"(max-width: 200px) 100vw, 200px\" \/><\/p>\n<p>O direito de propriedade deixou de ser absoluto como fora concebido na Idade M\u00e9dia, com limites que inibem o propriet\u00e1rio de usar, gozar e livremente dispor sem qualquer harmonia com o contesto org\u00e2nico social. Essa vis\u00e3o, nem sempre observada pela Administra\u00e7\u00e3o P\u00fablica e o que \u00e9 pior, pelo Poder Judici\u00e1rio e freq\u00fcentemente ignorado pelos propriet\u00e1rios faz com que injustas a\u00e7\u00f5es, decis\u00f5es e atitudes se perpetrem e exige corre\u00e7\u00e3o en\u00e9rgica pelas v\u00edtimas dessas arbitrariedades.<\/p>\n<p>Roberto J. Pugliese com anos de milit\u00e2ncia nesse segmento do direito tem atuado com firmeza em favor daqueles que, de um lado exigem respeito a condi\u00e7\u00e3o de propriet\u00e1rios de im\u00f3veis que s\u00e3o ou daqueles que exigem que o direito \u00e0 aquisi\u00e7\u00e3o da propriedade seja deferido, face a ordem jur\u00eddica e pol\u00edtica vigente.<\/p>\n<p>A interpreta\u00e7\u00e3o mais adequada e harm\u00f4nica aos interesses da sociedade e do texto constitucional da fun\u00e7\u00e3o social da propriedade requer postura e conhecimento abalizado, fundado no saber universal, de forma a propiciar que se distribua justi\u00e7a. Da\u00ed, movimentos coletivos que objetivam ocupa\u00e7\u00f5es n\u00e3o se confundirem com meras invas\u00f5es geradores de conflitos possess\u00f3rios irrelevantes \u00e0 maiores repercurs\u00f5es, de forma a se permitir a defesa desses ocupantes estribados na aus\u00eancia de legitimidade daqueles que, como propriet\u00e1rios n\u00e3o cumprem a fun\u00e7\u00e3o social da propriedade.<\/p>\n<p><img loading=\"lazy\" class=\"size-full wp-image-749 alignright\" src=\"https:\/\/puglieseadvogados.com.br\/site\/wp-content\/uploads\/2018\/05\/iporanga.jpg\" alt=\"\" width=\"200\" height=\"200\" srcset=\"https:\/\/puglieseadvogados.com.br\/site\/wp-content\/uploads\/2018\/05\/iporanga.jpg 200w, https:\/\/puglieseadvogados.com.br\/site\/wp-content\/uploads\/2018\/05\/iporanga-150x150.jpg 150w\" sizes=\"(max-width: 200px) 100vw, 200px\" \/><\/p>\n<p>Mat\u00e9ria complexa, cujo resultado permite aquisi\u00e7\u00e3o de direitos e obriga\u00e7\u00f5es nem sempre atendidos de plano. Nesse norte, com fulcro nesses sabido instituto, ocupantes, possuidores, propriet\u00e1rios, concession\u00e1rios e permission\u00e1rios, podem e devem fazer valer direitos estabelecidos na magna lei, ainda que estejam com seu patrim\u00f4nio e investimentos situados em parques, reservas ambientais, florestais e \u00e1reas afins preservadas pelo Poder P\u00fablico. E nesse campo jur\u00eddico o conhecimento de Roberto J. Pugliese \u00e9 fundamental para \u00eaxito de demandas freq\u00fcentes equivocadamente promovidas contra essas v\u00edtimas de arbitrariedades diversas.<\/p>\n<p>Enfim, o direito constitucional imobili\u00e1rio, amplo e abrangente \u00e9 bem gerido e aproveitado para os utentes, face a perspic\u00e1cia de Roberto J. Pugliese adquirida com o longo tempo de milit\u00e2ncia jur\u00eddica imobili\u00e1ria.<\/p>\n","protected":false},"excerpt":{"rendered":"<div class=\"slide-text-bg2\"><span>Ocupa\u00e7\u00f5es, fun\u00e7\u00e3o social, tombamentos, parques, reservas florestais, jazidas minerais, desapropria\u00e7\u00e3o O direito de propriedade deixou de ser absoluto<\/span><\/div>\n<div class=\"slide-btn-area-sm\"><a href=\"https:\/\/puglieseadvogados.com.br\/site\/constitucional-imobiliario\/\" class=\"slide-btn-sm\">Ler mais<\/a><\/div>\n","protected":false},"author":1,"featured_media":0,"parent":0,"menu_order":0,"comment_status":"closed","ping_status":"closed","template":"","meta":[],"_links":{"self":[{"href":"https:\/\/puglieseadvogados.com.br\/site\/wp-json\/wp\/v2\/pages\/55"}],"collection":[{"href":"https:\/\/puglieseadvogados.com.br\/site\/wp-json\/wp\/v2\/pages"}],"about":[{"href":"https:\/\/puglieseadvogados.com.br\/site\/wp-json\/wp\/v2\/types\/page"}],"author":[{"embeddable":true,"href":"https:\/\/puglieseadvogados.com.br\/site\/wp-json\/wp\/v2\/users\/1"}],"replies":[{"embeddable":true,"href":"https:\/\/puglieseadvogados.com.br\/site\/wp-json\/wp\/v2\/comments?post=55"}],"version-history":[{"count":15,"href":"https:\/\/puglieseadvogados.com.br\/site\/wp-json\/wp\/v2\/pages\/55\/revisions"}],"predecessor-version":[{"id":815,"href":"https:\/\/puglieseadvogados.com.br\/site\/wp-json\/wp\/v2\/pages\/55\/revisions\/815"}],"wp:attachment":[{"href":"https:\/\/puglieseadvogados.com.br\/site\/wp-json\/wp\/v2\/media?parent=55"}],"curies":[{"name":"wp","href":"https:\/\/api.w.org\/{rel}","templated":true}]}}