{"id":540,"date":"2018-05-18T17:56:26","date_gmt":"2018-05-18T17:56:26","guid":{"rendered":"https:\/\/puglieseadvogados.com.br\/site\/?page_id=540"},"modified":"2023-11-24T17:37:06","modified_gmt":"2023-11-24T17:37:06","slug":"livros-literarios","status":"publish","type":"page","link":"https:\/\/puglieseadvogados.com.br\/site\/livros-literarios\/","title":{"rendered":"Livros de Literaturas"},"content":{"rendered":"<section class=\"wpb-content-wrapper\"><p>[vc_row][vc_column][vc_column_text]<\/p>\n<h2>Trinta R\u00e9is<\/h2>\n<p style=\"text-align: justify;\"><img loading=\"lazy\" class=\"alignleft size-full wp-image-1065\" src=\"https:\/\/puglieseadvogados.com.br\/site\/wp-content\/uploads\/2023\/11\/trinta-reis.jpg\" alt=\"\" width=\"200\" height=\"300\" \/>Trinta R\u00e9is \u00e9 uma publica\u00e7\u00e3o oficial da Academia S\u00e3o Jos\u00e9 de Letras, da cidade de S\u00e2o Jos\u00e9, Sc., na qual Roberto J. Pugliese \u00e9 membro, titular da cadeira 35. Nesses livretos, ou boletins informativos, foram in\u00fameros contos escrito por ele, destacando-se O inconveniente; O conte\u00fado das palavras; O acordo;Vivendo e Apreendendo para que a hist\u00f3ria n\u00e3o se repita; seu \u00fanico poema, Sociedade e algumas cr\u00f4nicas, entre outras, A origem da propriedade no Brasil; Reformas b\u00e1sicas necess\u00e1ria; Alc\u00e2ntara; Os pescadores e o exerc\u00edcio da cidadania e tamb\u00e9m seu discurso de posse como acad\u00eamico, publicado em 15 de junho de 2013.<\/p>\n<p>[\/vc_column_text][\/vc_column][\/vc_row][vc_row][vc_column][vc_separator css=&#8221;.vc_custom_1700162556984{margin-top: 0px !important;margin-bottom: 0px !important;border-top-width: 0px !important;border-bottom-width: 0px !important;padding-top: 20px !important;padding-bottom: 20px !important;}&#8221;][\/vc_column][\/vc_row][vc_row][vc_column][vc_column_text]<\/p>\n<h2>Academia Veste Prata<\/h2>\n<p style=\"text-align: justify;\"><img loading=\"lazy\" class=\"alignleft size-full wp-image-1063\" src=\"https:\/\/puglieseadvogados.com.br\/site\/wp-content\/uploads\/2023\/11\/academia-veste-prata.jpg\" alt=\"\" width=\"200\" height=\"300\" \/>Academia Veste Prata \u00e9 mais outra publica\u00e7\u00e3o da Academia Itanhaense de Letras, comemorativa aos 25 anos de sua funda\u00e7\u00e3o. Publicada pela Editora Assimetria, neste livro com autores coletivos, Roberto J. Pugliese Rebocadores e Batel\u00f5es, confiss\u00f5es e saudades. Conto que registra \u00e9pocas remotas da cidade de Itanha\u00e9m, onde viveu por longas d\u00e9cadas<\/p>\n<p>[\/vc_column_text][\/vc_column][\/vc_row][vc_row][vc_column][vc_separator css=&#8221;.vc_custom_1700162556984{margin-top: 0px !important;margin-bottom: 0px !important;border-top-width: 0px !important;border-bottom-width: 0px !important;padding-top: 20px !important;padding-bottom: 20px !important;}&#8221;][\/vc_column][\/vc_row][vc_row][vc_column][vc_column_text]<\/p>\n<h2>Reflexos da Alma<\/h2>\n<p style=\"text-align: justify;\"><img loading=\"lazy\" class=\"alignleft size-full wp-image-1061\" src=\"https:\/\/puglieseadvogados.com.br\/site\/wp-content\/uploads\/2023\/11\/reflexos-da-alma.jpg\" alt=\"\" width=\"200\" height=\"300\" \/>Reflexos da Alma \u00e9 uma publica\u00e7\u00e3o da Academia Itanhaense de Letras. Roberto J. Pugliese \u00e9 acad\u00eamico participa da obra, uma antologia escrita por diversos membros da entidade, com um pequeno conto: O nome da Ponte<br \/>\nEditada e publicada em 2021 pela editora Letras do Pensamento,<br \/>\ntrata-se de mais um trabalho liter\u00e1rio, que se soma a diversos outros publicados no blog Expresso Vida, no Trinta R\u00e9is, boletim informativo da Academia S\u00e3o Jos\u00e9 de Letras e aos que se encontram no prelo pela Editora Letras do Pensamento para lan\u00e7amento em breve.<\/p>\n<p>[\/vc_column_text][\/vc_column][\/vc_row][vc_row][vc_column][vc_separator css=&#8221;.vc_custom_1700162556984{margin-top: 0px !important;margin-bottom: 0px !important;border-top-width: 0px !important;border-bottom-width: 0px !important;padding-top: 20px !important;padding-bottom: 20px !important;}&#8221;][\/vc_column][\/vc_row][vc_row][vc_column][vc_column_text]<\/p>\n<h2>Lagamar \u2013 Aspectos do Pitoresco Peculiar<\/h2>\n<p style=\"text-align: justify;\"><img loading=\"lazy\" class=\"alignleft wp-image-1014 size-full\" src=\"https:\/\/puglieseadvogados.com.br\/site\/wp-content\/uploads\/2021\/07\/lagamar.png\" alt=\"\" width=\"200\" height=\"300\" \/>Publicado pela editora Letras do Pensamento, de S\u00e3o Paulo, O livro \u00e9 uma obra coletiva, coordenado por Roberto J. Pugliese com textos elaborados por autores radicados em Iguape, Ilha Comprida, Canan\u00e9ia, Guaraque\u00e7aba, Antonina, Morretes, Pontal do Paran\u00e1 e Paranagu\u00e1, cidades que est\u00e3o situadas na regi\u00e3o do Lagamar.<\/p>\n<p style=\"text-align: justify;\">Abordam temas dos mais vairados, com textos de contos regionais, hist\u00f3rias, f\u00e1bulas, poesia e outros da literatura.<\/p>\n<p style=\"text-align: justify;\">O coordenador da obra, publicou no espa\u00e7o de Canan\u00e9ia, a hist\u00f3ria real da funda\u00e7\u00e3o da vila do Ariri, distrito do municipio de Canan\u00e9ia. O livro tem muitas informa\u00e7\u00f5es a respeito dos municipios da regi\u00e3o e fotos diversas espalhadas ao longo dos textos.<\/p>\n<p>[\/vc_column_text][\/vc_column][\/vc_row][vc_row][vc_column][vc_separator css=&#8221;.vc_custom_1700162556984{margin-top: 0px !important;margin-bottom: 0px !important;border-top-width: 0px !important;border-bottom-width: 0px !important;padding-top: 20px !important;padding-bottom: 20px !important;}&#8221;][\/vc_column][\/vc_row][vc_row][vc_column][vc_column_text]<\/p>\n<h2 style=\"clear: both; text-align: justify;\">Quase Romance &#8211; Contos da Concei\u00e7\u00e3o<\/h2>\n<p style=\"text-align: justify;\"><img loading=\"lazy\" class=\"size-full wp-image-990 alignleft\" src=\"https:\/\/puglieseadvogados.com.br\/site\/wp-content\/uploads\/2020\/01\/Capa-Quase-Romance_copy_copy.jpg\" alt=\"\" width=\"200\" height=\"300\" \/>O livro Apresenta tr\u00eas contos ou quase um romance ambientado na orla oce\u00e2nica paulista e do sul fluminense.<br \/>\nNum desses contos, o personagem \u00e9 escritor e se refere ao sul da Bahia, tamb\u00e9m no litoral. Reporta-se a tempos outros. Passado.\u00a0\u00a0Importante levar esse momento em considera\u00e7\u00e3o.\u00a0\u00a0Detalhes que devem ser ponderados em raz\u00e3o do ambiente e do momento. Ajunte-se a essas explica\u00e7\u00f5es que os contos se referem a nomes e fatos meramente frutos da cria\u00e7\u00e3o e eventual coincid\u00eancia com personagens reais, n\u00e3o merecem considera\u00e7\u00e3o que aluda a retratar qualquer cena ver\u00eddica.<br \/>\n<strong>\u00c9 tudo mentira<\/strong>. Enfim, s\u00e3o contos escritos em momentos diferentes, publicados pela generosidade do editor de <a href=\"http:\/\/www.letrasdopensamento.com.br\/detalhedoproduto.php?cod_produto=370\" target=\"_blank\" rel=\"noopener\"><span style=\"color: #0000ff;\">LETRASDOPENSAMENTO.COM.BR<\/span><\/a>, artesanalmente constru\u00eddos retratando pensamentos idealizados em venturas de outrora inconfund\u00edveis com venturas reais.<\/p>\n<p style=\"text-align: justify;\">Dedico esse Quase Romance, Contos de Concei\u00e7\u00e3o, aos meus pais Dirce e Francisco que h\u00e1 muitas d\u00e9cadas passadas me levaram para Concei\u00e7\u00e3o de Itanha\u00e9m; aos meus irm\u00e3os, Carlos Eduardo e Regina L\u00facia, que iguais as sensa\u00e7\u00f5es que vivi, viveram e constru\u00edram sentimentos na buc\u00f3lica Vila e a Betito, meu filho, que desde tenra idade apreendeu e soube viver Itanha\u00e9m, tendo tamb\u00e9m, como n\u00f3s, cultivado sentimentos e carinho pelo hist\u00f3rico s\u00edtio. Roberto J. Pugliese Florian\u00f3polis, 2016.<\/p>\n<p>[\/vc_column_text][\/vc_column][\/vc_row][vc_row][vc_column][vc_separator css=&#8221;.vc_custom_1700162556984{margin-top: 0px !important;margin-bottom: 0px !important;border-top-width: 0px !important;border-bottom-width: 0px !important;padding-top: 20px !important;padding-bottom: 20px !important;}&#8221;][\/vc_column][\/vc_row][vc_row][vc_column][vc_column_text]<\/p>\n<h2 style=\"text-align: justify;\">O Caminho das Ostras<\/h2>\n<p style=\"text-align: justify;\"><img loading=\"lazy\" class=\"size-full wp-image-197 alignleft\" src=\"https:\/\/puglieseadvogados.com.br\/site\/wp-content\/uploads\/2018\/04\/caminho_das_ostras_capa_200X302.jpg\" alt=\"\" width=\"200\" height=\"302\" srcset=\"https:\/\/puglieseadvogados.com.br\/site\/wp-content\/uploads\/2018\/04\/caminho_das_ostras_capa_200X302.jpg 200w, https:\/\/puglieseadvogados.com.br\/site\/wp-content\/uploads\/2018\/04\/caminho_das_ostras_capa_200X302-199x300.jpg 199w\" sizes=\"(max-width: 200px) 100vw, 200px\" \/><\/p>\n<p style=\"text-align: justify;\">\u00c9 o primeiro romance do autor publicado em 2017 pela Multifoco, editora do Rio de Janeiro.<br \/>\nA hist\u00f3ria se passa em diversos lugares: Tibet, Cuba, Itanha\u00e9m, Iguape e Canan\u00e9ia entre outros. Tem como referencia a vida de pessoas que por circunstancias, sem muita explica\u00e7\u00e3o, se encontram no Lagamar do Vale do Ribeira onde vivem situa\u00e7\u00f5es interessantes.<br \/>\n\u00c9 ambientado principalmente na Ilha do Cardoso nos idos de 1959. Leitura leve, voltada para a hist\u00f3ria recente, que mesmo imagin\u00e1ria, traz ao leitor situa\u00e7\u00f5es vividas por milhares de pessoas nesses lugares t\u00e3o diferentes.<br \/>\nO livro est\u00e1 \u00e0 venda no Vale do Ribeira, em Florian\u00f3polis e na editora.<\/p>\n<p>[\/vc_column_text][\/vc_column][\/vc_row][vc_row][vc_column][vc_separator css=&#8221;.vc_custom_1700162556984{margin-top: 0px !important;margin-bottom: 0px !important;border-top-width: 0px !important;border-bottom-width: 0px !important;padding-top: 20px !important;padding-bottom: 20px !important;}&#8221;][\/vc_column][\/vc_row][vc_row][vc_column][vc_column_text]<\/p>\n<h2 style=\"text-align: justify;\">Palavras ao Vento<\/h2>\n<p style=\"text-align: justify;\"><img loading=\"lazy\" class=\"alignleft size-full wp-image-867\" src=\"https:\/\/puglieseadvogados.com.br\/site\/wp-content\/uploads\/2018\/05\/livros-de-literatura200.jpg\" alt=\"\" width=\"200\" height=\"200\" srcset=\"https:\/\/puglieseadvogados.com.br\/site\/wp-content\/uploads\/2018\/05\/livros-de-literatura200.jpg 200w, https:\/\/puglieseadvogados.com.br\/site\/wp-content\/uploads\/2018\/05\/livros-de-literatura200-150x150.jpg 150w\" sizes=\"(max-width: 200px) 100vw, 200px\" \/><\/p>\n<p style=\"text-align: justify;\">Palavras ao Vento e uma publica\u00e7\u00e3o da Academia Itanhaense de Letras, comemorativa dos vinte anos de sua funda\u00e7\u00e3o.\u00a0\u00a0Roberto J. Pugliese \u00e9 acad\u00eamico correspondente desde 2012, por indica\u00e7\u00e3o do acad\u00eamico Dr. Jo\u00e3o Carrasco, e\u00a0\u00a0participa da obra, uma antologia escrita por diversos membros da entidade, com um pequeno conto: Odila Pereira,\u00a0\u00a0In\u00edgma.<br \/>\nEditada e publicada em 2017 pela editora Albatroz trata-se de mais um trabalho liter\u00e1rio, que se soma a diversos outros publicados no blog Expresso Vida, no Trinta R\u00e9is, boletim informativo da Academia S\u00e3o Jos\u00e9 de Letras e aos que se encontram no prelo pela Editora Letras do Pensamento para lan\u00e7amento em breve.<\/p>\n<p>[\/vc_column_text][\/vc_column][\/vc_row]<\/p>\n<\/section>","protected":false},"excerpt":{"rendered":"<div class=\"slide-text-bg2\"><span> Trinta R\u00e9is Trinta R\u00e9is \u00e9 uma publica\u00e7\u00e3o oficial da Academia S\u00e3o Jos\u00e9 de Letras, da cidade de S\u00e2o Jos\u00e9, Sc., na qual Roberto J. Pugliese \u00e9 membr<\/span><\/div>\n<div class=\"slide-btn-area-sm\"><a href=\"https:\/\/puglieseadvogados.com.br\/site\/livros-literarios\/\" class=\"slide-btn-sm\">Ler mais<\/a><\/div>\n","protected":false},"author":1,"featured_media":0,"parent":0,"menu_order":0,"comment_status":"closed","ping_status":"closed","template":"","meta":[],"_links":{"self":[{"href":"https:\/\/puglieseadvogados.com.br\/site\/wp-json\/wp\/v2\/pages\/540"}],"collection":[{"href":"https:\/\/puglieseadvogados.com.br\/site\/wp-json\/wp\/v2\/pages"}],"about":[{"href":"https:\/\/puglieseadvogados.com.br\/site\/wp-json\/wp\/v2\/types\/page"}],"author":[{"embeddable":true,"href":"https:\/\/puglieseadvogados.com.br\/site\/wp-json\/wp\/v2\/users\/1"}],"replies":[{"embeddable":true,"href":"https:\/\/puglieseadvogados.com.br\/site\/wp-json\/wp\/v2\/comments?post=540"}],"version-history":[{"count":28,"href":"https:\/\/puglieseadvogados.com.br\/site\/wp-json\/wp\/v2\/pages\/540\/revisions"}],"predecessor-version":[{"id":1104,"href":"https:\/\/puglieseadvogados.com.br\/site\/wp-json\/wp\/v2\/pages\/540\/revisions\/1104"}],"wp:attachment":[{"href":"https:\/\/puglieseadvogados.com.br\/site\/wp-json\/wp\/v2\/media?parent=540"}],"curies":[{"name":"wp","href":"https:\/\/api.w.org\/{rel}","templated":true}]}}

<section class="wpb-content-wrapper"><p>[vc_row][vc_column][vc_column_text]</p>
<h2>Trinta Réis</h2>
<p style="text-align: justify;"><img loading="lazy" class="alignleft size-full wp-image-1065" src="https://puglieseadvogados.com.br/site/wp-content/uploads/2023/11/trinta-reis.jpg" alt="" width="200" height="300" />Trinta Réis é uma publicação oficial da Academia São José de Letras, da cidade de Sâo José, Sc., na qual Roberto J. Pugliese é membro, titular da cadeira 35. Nesses livretos, ou boletins informativos, foram inúmeros contos escrito por ele, destacando-se O inconveniente; O conteúdo das palavras; O acordo;Vivendo e Apreendendo para que a história não se repita; seu único poema, Sociedade e algumas crônicas, entre outras, A origem da propriedade no Brasil; Reformas básicas necessária; Alcântara; Os pescadores e o exercício da cidadania e também seu discurso de posse como acadêmico, publicado em 15 de junho de 2013.</p>
<p>[/vc_column_text][/vc_column][/vc_row][vc_row][vc_column][vc_separator css=&#8221;.vc_custom_1700162556984{margin-top: 0px !important;margin-bottom: 0px !important;border-top-width: 0px !important;border-bottom-width: 0px !important;padding-top: 20px !important;padding-bottom: 20px !important;}&#8221;][/vc_column][/vc_row][vc_row][vc_column][vc_column_text]</p>
<h2>Academia Veste Prata</h2>
<p style="text-align: justify;"><img loading="lazy" class="alignleft size-full wp-image-1063" src="https://puglieseadvogados.com.br/site/wp-content/uploads/2023/11/academia-veste-prata.jpg" alt="" width="200" height="300" />Academia Veste Prata é mais outra publicação da Academia Itanhaense de Letras, comemorativa aos 25 anos de sua fundação. Publicada pela Editora Assimetria, neste livro com autores coletivos, Roberto J. Pugliese Rebocadores e Batelões, confissões e saudades. Conto que registra épocas remotas da cidade de Itanhaém, onde viveu por longas décadas</p>
<p>[/vc_column_text][/vc_column][/vc_row][vc_row][vc_column][vc_separator css=&#8221;.vc_custom_1700162556984{margin-top: 0px !important;margin-bottom: 0px !important;border-top-width: 0px !important;border-bottom-width: 0px !important;padding-top: 20px !important;padding-bottom: 20px !important;}&#8221;][/vc_column][/vc_row][vc_row][vc_column][vc_column_text]</p>
<h2>Reflexos da Alma</h2>
<p style="text-align: justify;"><img loading="lazy" class="alignleft size-full wp-image-1061" src="https://puglieseadvogados.com.br/site/wp-content/uploads/2023/11/reflexos-da-alma.jpg" alt="" width="200" height="300" />Reflexos da Alma é uma publicação da Academia Itanhaense de Letras. Roberto J. Pugliese é acadêmico participa da obra, uma antologia escrita por diversos membros da entidade, com um pequeno conto: O nome da Ponte<br />
Editada e publicada em 2021 pela editora Letras do Pensamento,<br />
trata-se de mais um trabalho literário, que se soma a diversos outros publicados no blog Expresso Vida, no Trinta Réis, boletim informativo da Academia São José de Letras e aos que se encontram no prelo pela Editora Letras do Pensamento para lançamento em breve.</p>
<p>[/vc_column_text][/vc_column][/vc_row][vc_row][vc_column][vc_separator css=&#8221;.vc_custom_1700162556984{margin-top: 0px !important;margin-bottom: 0px !important;border-top-width: 0px !important;border-bottom-width: 0px !important;padding-top: 20px !important;padding-bottom: 20px !important;}&#8221;][/vc_column][/vc_row][vc_row][vc_column][vc_column_text]</p>
<h2>Lagamar – Aspectos do Pitoresco Peculiar</h2>
<p style="text-align: justify;"><img loading="lazy" class="alignleft wp-image-1014 size-full" src="https://puglieseadvogados.com.br/site/wp-content/uploads/2021/07/lagamar.png" alt="" width="200" height="300" />Publicado pela editora Letras do Pensamento, de São Paulo, O livro é uma obra coletiva, coordenado por Roberto J. Pugliese com textos elaborados por autores radicados em Iguape, Ilha Comprida, Cananéia, Guaraqueçaba, Antonina, Morretes, Pontal do Paraná e Paranaguá, cidades que estão situadas na região do Lagamar.</p>
<p style="text-align: justify;">Abordam temas dos mais vairados, com textos de contos regionais, histórias, fábulas, poesia e outros da literatura.</p>
<p style="text-align: justify;">O coordenador da obra, publicou no espaço de Cananéia, a história real da fundação da vila do Ariri, distrito do municipio de Cananéia. O livro tem muitas informações a respeito dos municipios da região e fotos diversas espalhadas ao longo dos textos.</p>
<p>[/vc_column_text][/vc_column][/vc_row][vc_row][vc_column][vc_separator css=&#8221;.vc_custom_1700162556984{margin-top: 0px !important;margin-bottom: 0px !important;border-top-width: 0px !important;border-bottom-width: 0px !important;padding-top: 20px !important;padding-bottom: 20px !important;}&#8221;][/vc_column][/vc_row][vc_row][vc_column][vc_column_text]</p>
<h2 style="clear: both; text-align: justify;">Quase Romance &#8211; Contos da Conceição</h2>
<p style="text-align: justify;"><img loading="lazy" class="size-full wp-image-990 alignleft" src="https://puglieseadvogados.com.br/site/wp-content/uploads/2020/01/Capa-Quase-Romance_copy_copy.jpg" alt="" width="200" height="300" />O livro Apresenta três contos ou quase um romance ambientado na orla oceânica paulista e do sul fluminense.<br />
Num desses contos, o personagem é escritor e se refere ao sul da Bahia, também no litoral. Reporta-se a tempos outros. Passado.  Importante levar esse momento em consideração.  Detalhes que devem ser ponderados em razão do ambiente e do momento. Ajunte-se a essas explicações que os contos se referem a nomes e fatos meramente frutos da criação e eventual coincidência com personagens reais, não merecem consideração que aluda a retratar qualquer cena verídica.<br />
<strong>É tudo mentira</strong>. Enfim, são contos escritos em momentos diferentes, publicados pela generosidade do editor de <a href="http://www.letrasdopensamento.com.br/detalhedoproduto.php?cod_produto=370" target="_blank" rel="noopener"><span style="color: #0000ff;">LETRASDOPENSAMENTO.COM.BR</span></a>, artesanalmente construídos retratando pensamentos idealizados em venturas de outrora inconfundíveis com venturas reais.</p>
<p style="text-align: justify;">Dedico esse Quase Romance, Contos de Conceição, aos meus pais Dirce e Francisco que há muitas décadas passadas me levaram para Conceição de Itanhaém; aos meus irmãos, Carlos Eduardo e Regina Lúcia, que iguais as sensações que vivi, viveram e construíram sentimentos na bucólica Vila e a Betito, meu filho, que desde tenra idade apreendeu e soube viver Itanhaém, tendo também, como nós, cultivado sentimentos e carinho pelo histórico sítio. Roberto J. Pugliese Florianópolis, 2016.</p>
<p>[/vc_column_text][/vc_column][/vc_row][vc_row][vc_column][vc_separator css=&#8221;.vc_custom_1700162556984{margin-top: 0px !important;margin-bottom: 0px !important;border-top-width: 0px !important;border-bottom-width: 0px !important;padding-top: 20px !important;padding-bottom: 20px !important;}&#8221;][/vc_column][/vc_row][vc_row][vc_column][vc_column_text]</p>
<h2 style="text-align: justify;">O Caminho das Ostras</h2>
<p style="text-align: justify;"><img loading="lazy" class="size-full wp-image-197 alignleft" src="https://puglieseadvogados.com.br/site/wp-content/uploads/2018/04/caminho_das_ostras_capa_200X302.jpg" alt="" width="200" height="302" srcset="https://puglieseadvogados.com.br/site/wp-content/uploads/2018/04/caminho_das_ostras_capa_200X302.jpg 200w, https://puglieseadvogados.com.br/site/wp-content/uploads/2018/04/caminho_das_ostras_capa_200X302-199x300.jpg 199w" sizes="(max-width: 200px) 100vw, 200px" /></p>
<p style="text-align: justify;">É o primeiro romance do autor publicado em 2017 pela Multifoco, editora do Rio de Janeiro.<br />
A história se passa em diversos lugares: Tibet, Cuba, Itanhaém, Iguape e Cananéia entre outros. Tem como referencia a vida de pessoas que por circunstancias, sem muita explicação, se encontram no Lagamar do Vale do Ribeira onde vivem situações interessantes.<br />
É ambientado principalmente na Ilha do Cardoso nos idos de 1959. Leitura leve, voltada para a história recente, que mesmo imaginária, traz ao leitor situações vividas por milhares de pessoas nesses lugares tão diferentes.<br />
O livro está à venda no Vale do Ribeira, em Florianópolis e na editora.</p>
<p>[/vc_column_text][/vc_column][/vc_row][vc_row][vc_column][vc_separator css=&#8221;.vc_custom_1700162556984{margin-top: 0px !important;margin-bottom: 0px !important;border-top-width: 0px !important;border-bottom-width: 0px !important;padding-top: 20px !important;padding-bottom: 20px !important;}&#8221;][/vc_column][/vc_row][vc_row][vc_column][vc_column_text]</p>
<h2 style="text-align: justify;">Palavras ao Vento</h2>
<p style="text-align: justify;"><img loading="lazy" class="alignleft size-full wp-image-867" src="https://puglieseadvogados.com.br/site/wp-content/uploads/2018/05/livros-de-literatura200.jpg" alt="" width="200" height="200" srcset="https://puglieseadvogados.com.br/site/wp-content/uploads/2018/05/livros-de-literatura200.jpg 200w, https://puglieseadvogados.com.br/site/wp-content/uploads/2018/05/livros-de-literatura200-150x150.jpg 150w" sizes="(max-width: 200px) 100vw, 200px" /></p>
<p style="text-align: justify;">Palavras ao Vento e uma publicação da Academia Itanhaense de Letras, comemorativa dos vinte anos de sua fundação.  Roberto J. Pugliese é acadêmico correspondente desde 2012, por indicação do acadêmico Dr. João Carrasco, e  participa da obra, uma antologia escrita por diversos membros da entidade, com um pequeno conto: Odila Pereira,  Inígma.<br />
Editada e publicada em 2017 pela editora Albatroz trata-se de mais um trabalho literário, que se soma a diversos outros publicados no blog Expresso Vida, no Trinta Réis, boletim informativo da Academia São José de Letras e aos que se encontram no prelo pela Editora Letras do Pensamento para lançamento em breve.</p>
<p>[/vc_column_text][/vc_column][/vc_row]</p>
</section>

<div class="slide-text-bg2"><span> Trinta Réis Trinta Réis é uma publicação oficial da Academia São José de Letras, da cidade de Sâo José, Sc., na qual Roberto J. Pugliese é membr</span></div>
<div class="slide-btn-area-sm"><a href="https://puglieseadvogados.com.br/site/livros-literarios/" class="slide-btn-sm">Ler mais</a></div>
