{"id":391,"date":"2018-05-14T15:23:12","date_gmt":"2018-05-14T15:23:12","guid":{"rendered":"https:\/\/puglieseadvogados.com.br\/site\/?page_id=391"},"modified":"2018-05-18T19:57:48","modified_gmt":"2018-05-18T19:57:48","slug":"atuacao","status":"publish","type":"page","link":"https:\/\/puglieseadvogados.com.br\/site\/atuacao\/","title":{"rendered":"Atua\u00e7\u00e3o"},"content":{"rendered":"<h2><a href=\"https:\/\/puglieseadvogados.com.br\/site\/ambiental\/\">Direito Ambiental<\/a><\/h2>\n<p>Direito de construir, licenciamentos, indeniza\u00e7\u00f5es, carbonos<\/p>\n<h2><a href=\"https:\/\/puglieseadvogados.com.br\/site\/imobiliario\/\">Direito Administrativo Imobili\u00e1rio<\/a><\/h2>\n<p>Terrenos de marinha, terrenos reservados, ilhas, praias, \u00e1guas, marinas, desapropria\u00e7\u00f5es<\/p>\n<h2><a href=\"https:\/\/puglieseadvogados.com.br\/site\/notarial\/\">Direito Notarial e Registros P\u00fablicos<\/a><\/h2>\n<p>Usucapi\u00f5es, retifica\u00e7\u00f5es, nulidades, registros, averba\u00e7\u00f5es, lajes<\/p>\n<h2><a href=\"https:\/\/puglieseadvogados.com.br\/site\/civil-imobiliario\/\">Direito Civil Imobili\u00e1rio<\/a><\/h2>\n<p>Incorpora\u00e7\u00f5es, condom\u00ednios, loteamentos, parcelamentos, desmembramentos, desdobros, time shearing, shopping centers, apart hoteis<\/p>\n<h2><a href=\"https:\/\/puglieseadvogados.com.br\/site\/constitucional-imobiliario\/\">Direito Constitucional Imobili\u00e1rio<\/a><\/h2>\n<p>Ocupa\u00e7\u00f5es, fun\u00e7\u00e3o social, tombamentos, parques, reservas florestais, jazidas minerais<\/p>\n<h2><a href=\"https:\/\/puglieseadvogados.com.br\/site\/agrario\/\">Direito Agr\u00e1rio, Urban\u00edstico, Fundi\u00e1rio<\/a><\/h2>\n<p>Conflitos de vizinhan\u00e7as, possess\u00f3rios, tratos, contratos, destratos, loca\u00e7\u00f5es, concess\u00f5es, permiss\u00f5es, t\u00edtulos da divida agr\u00e1ria, demarca\u00e7\u00f5es e divis\u00e3o de propriedade, avalia\u00e7\u00f5es<\/p>\n<h2><a href=\"https:\/\/puglieseadvogados.com.br\/site\/minorias\/\">Direito das minorias<\/a><\/h2>\n<p>Pescadores artesanais, ind\u00edgenas, quilombolas, movimentos populares, deficientes f\u00edsicos e mentais<\/p>\n","protected":false},"excerpt":{"rendered":"<div class=\"slide-text-bg2\"><span>Direito Ambiental Direito de construir, licenciamentos, indeniza\u00e7\u00f5es, carbonos Direito Administrativo Imobili\u00e1rio Terrenos de marinha, terrenos reservad<\/span><\/div>\n<div class=\"slide-btn-area-sm\"><a href=\"https:\/\/puglieseadvogados.com.br\/site\/atuacao\/\" class=\"slide-btn-sm\">Ler mais<\/a><\/div>\n","protected":false},"author":1,"featured_media":0,"parent":0,"menu_order":0,"comment_status":"closed","ping_status":"closed","template":"","meta":[],"_links":{"self":[{"href":"https:\/\/puglieseadvogados.com.br\/site\/wp-json\/wp\/v2\/pages\/391"}],"collection":[{"href":"https:\/\/puglieseadvogados.com.br\/site\/wp-json\/wp\/v2\/pages"}],"about":[{"href":"https:\/\/puglieseadvogados.com.br\/site\/wp-json\/wp\/v2\/types\/page"}],"author":[{"embeddable":true,"href":"https:\/\/puglieseadvogados.com.br\/site\/wp-json\/wp\/v2\/users\/1"}],"replies":[{"embeddable":true,"href":"https:\/\/puglieseadvogados.com.br\/site\/wp-json\/wp\/v2\/comments?post=391"}],"version-history":[{"count":12,"href":"https:\/\/puglieseadvogados.com.br\/site\/wp-json\/wp\/v2\/pages\/391\/revisions"}],"predecessor-version":[{"id":604,"href":"https:\/\/puglieseadvogados.com.br\/site\/wp-json\/wp\/v2\/pages\/391\/revisions\/604"}],"wp:attachment":[{"href":"https:\/\/puglieseadvogados.com.br\/site\/wp-json\/wp\/v2\/media?parent=391"}],"curies":[{"name":"wp","href":"https:\/\/api.w.org\/{rel}","templated":true}]}}