{"id":212,"date":"2018-05-03T14:02:59","date_gmt":"2018-05-03T14:02:59","guid":{"rendered":"https:\/\/puglieseadvogados.com.br\/site\/?page_id=212"},"modified":"2023-11-16T17:47:32","modified_gmt":"2023-11-16T17:47:32","slug":"peritos","status":"publish","type":"page","link":"https:\/\/puglieseadvogados.com.br\/site\/peritos\/","title":{"rendered":"Peritos"},"content":{"rendered":"<section class=\"wpb-content-wrapper\"><p>[vc_row][vc_column][vc_row_inner][vc_column_inner][vc_column_text]<\/p>\n<p style=\"text-align: justify;\"><img loading=\"lazy\" class=\"size-full wp-image-342 alignleft\" src=\"https:\/\/puglieseadvogados.com.br\/site\/wp-content\/uploads\/2018\/05\/EDISON-BARBIERI.jpg\" alt=\"\" width=\"200\" height=\"200\" srcset=\"https:\/\/puglieseadvogados.com.br\/site\/wp-content\/uploads\/2018\/05\/EDISON-BARBIERI.jpg 200w, https:\/\/puglieseadvogados.com.br\/site\/wp-content\/uploads\/2018\/05\/EDISON-BARBIERI-150x150.jpg 150w, https:\/\/puglieseadvogados.com.br\/site\/wp-content\/uploads\/2018\/05\/EDISON-BARBIERI-100x100.jpg 100w\" sizes=\"(max-width: 200px) 100vw, 200px\" \/><strong>Edison Barbieri<\/strong> \u00e9 ocean\u00f3grafo com habilita\u00e7\u00e3o em oceanografia biol\u00f3gica e geol\u00f3gica, mestre em geografia f\u00edsica e concluiu o doutorado em Oceanografia (Oceanografia Biol\u00f3gica) pela Universidade de S\u00e3o Paulo em 2000. Foi do conselho universit\u00e1rio, de p\u00f3s gradua\u00e7\u00e3o e do Instituto de Estudos Avan\u00e7ados da USP. Tamb\u00e9m foi professor da Universidade S\u00e3o Francisco, Universidade S\u00e3o Camilo e da Universidade Federal de Sergipe. Atualmente \u00e9 Pesquisador n\u00edvel 6 e professor credenciado no programa de p\u00f3s gradua\u00e7\u00e3o em Aquicultura e Pesca no Instituto de Pesca. \u00c9 professor colaborador do programa de p\u00f3s gradua\u00e7\u00e3o em biodiversidade aqu\u00e1tica da UNESP-S. Vicente. Participou das expedi\u00e7\u00f5es Ant\u00e1rticas nos ver\u00f5es de 96\/97 e 97\/98 do PROANTAR. Participou tamb\u00e9m das sess\u00f5es do LEAD Internacional em Cuba e Moscou e de 4 miss\u00f5es patrocinadas pela Ag\u00eancia Internacional de Energia At\u00f4mica-ONU, como especialista em ecotoxicologia no Uruguai, Costa Rica, Guatemala, Panam\u00e1 e Brasil. Publicou 124 artigos em peri\u00f3dicos especializados, 120 trabalhos em anais de eventos e 180 artigos de divulga\u00e7\u00e3o cient\u00edfica. Possui 5 livros publicados e 8 cap\u00edtulos de livros. Possui 61 itens de produ\u00e7\u00e3o t\u00e9cnica. Participou de 27 eventos no exterior e 26 no Brasil. Supervisionou 2 p\u00f3s-doc, Orientou 17 metrados e 8 trabalhos de inicia\u00e7\u00e3o cient\u00edfica e 5 trabalhos de conclus\u00e3o de curso na \u00e1rea de Ecologia. Recebeu 4 pr\u00eamio e\/ou homenagem. J\u00e1 coordenou 12 projetos de pesquisa. Atua na \u00e1rea de Oceanografia, com \u00eanfase em Intera\u00e7\u00e3o entre os Organismos Marinhos e os Par\u00e2metros Ambientais. Em suas atividades profissionais interagiu com 145 colaboradores em co-autorias de trabalhos cient\u00edficos. Participa como membro do conselho e revisor de v\u00e1rios peri\u00f3dicos nacionais e internacionais. Em 2015 em 2016 (novamente) foi premiado como melhor profissional do ano no Brasil, pela BRASLIDER pela atua\u00e7\u00e3o cient\u00edfica na \u00e1rea s\u00f3cio ambiental. Em seu curr\u00edculo Lattes os termos mais freq\u00fcentes na contextualiza\u00e7\u00e3o da produ\u00e7\u00e3o cient\u00edfica, tecnol\u00f3gica e art\u00edstico-cultural s\u00e3o: Aves marinhas, ecologia, Ave de praia, ave, polui\u00e7\u00e3o, toxicidade, Ant\u00e1rtida, oceanografia, peixe e aves.<\/p>\n<p>[\/vc_column_text][\/vc_column_inner][\/vc_row_inner][vc_separator css=&#8221;.vc_custom_1700156828672{margin-top: 0px !important;margin-bottom: 0px !important;border-top-width: 0px !important;border-bottom-width: 0px !important;padding-top: 20px !important;padding-bottom: 20px !important;}&#8221;][vc_row_inner][vc_column_inner][vc_column_text]<img loading=\"lazy\" class=\"alignleft wp-image-864 size-full\" src=\"https:\/\/puglieseadvogados.com.br\/site\/wp-content\/uploads\/2018\/05\/aragon-200.jpg\" alt=\"\" width=\"200\" height=\"200\" srcset=\"https:\/\/puglieseadvogados.com.br\/site\/wp-content\/uploads\/2018\/05\/aragon-200.jpg 200w, https:\/\/puglieseadvogados.com.br\/site\/wp-content\/uploads\/2018\/05\/aragon-200-150x150.jpg 150w\" sizes=\"(max-width: 200px) 100vw, 200px\" \/><\/p>\n<p style=\"text-align: justify;\"><strong>Jos\u00e9 Octavio de Azevedo Aragon:\u00a0\u00a0<\/strong>Parceiro da Pugliese e Gomes Advocacia. Natural de Porto Alegre \u2013 RS, engenheiro agr\u00f4nomo formado pela Universidade Federal do Rio Grande do Sul, mestre em engenharia pela Universidade Federal de Santa Catarina \u2013 UFSC e p\u00f3s-graduado em Engenharia de Avalia\u00e7\u00f5es e Per\u00edcias tamb\u00e9m pela UFSC. Presidente do Instituto Catarinense de Engenharia de Avalia\u00e7\u00f5es e Per\u00edcias \u2013 IBAPE\/SC e inspetor do CREA\/SC. Atua como engenheiro avaliador para bancos e empresas do setor el\u00e9trico, consultor em demarca\u00e7\u00e3o de terras de marinha, perito e assistente t\u00e9cnico nas \u00e1reas de agronomia e ambiental na justi\u00e7a federal e estadual de SC e RS.<\/p>\n<p>[\/vc_column_text][\/vc_column_inner][\/vc_row_inner][vc_separator css=&#8221;.vc_custom_1700156828672{margin-top: 0px !important;margin-bottom: 0px !important;border-top-width: 0px !important;border-bottom-width: 0px !important;padding-top: 20px !important;padding-bottom: 20px !important;}&#8221;][vc_row_inner][vc_column_inner][vc_column_text]<\/p>\n<p style=\"text-align: justify;\"><img loading=\"lazy\" class=\"size-full wp-image-906 alignleft\" src=\"https:\/\/puglieseadvogados.com.br\/site\/wp-content\/uploads\/2018\/06\/ivandir.foto_200.jpg\" alt=\"\" width=\"200\" height=\"200\" srcset=\"https:\/\/puglieseadvogados.com.br\/site\/wp-content\/uploads\/2018\/06\/ivandir.foto_200.jpg 200w, https:\/\/puglieseadvogados.com.br\/site\/wp-content\/uploads\/2018\/06\/ivandir.foto_200-150x150.jpg 150w\" sizes=\"(max-width: 200px) 100vw, 200px\" \/><strong>Ivanir Hardat<\/strong>:\u00a0Emiss\u00e3o de Pareceres T\u00e9cnicos de Avalia\u00e7\u00f5es Mercadol\u00f3gicas e Laudos Periciais, em a\u00e7\u00f5es de:\u00b7 Avalia\u00e7\u00f5es de Patrim\u00f4nio LEI N\u00ba 11.441 de 04\/01\/2007, geralmente em partilha de bens e separa\u00e7\u00e3o de casais;\u00b7 Avalia\u00e7\u00f5es de Bens para Penhora LEI N\u00ba 11.382 Vig\u00eancia 22\/01\/2007; \u00b7 Pareceres t\u00e9cnicos de im\u00f3veis para revis\u00e3o municipal de Impostos ( IPTU, ITBI, ITD );\u00b7 Avalia\u00e7\u00f5es para Incorporadoras na aquisi\u00e7\u00e3o de terrenos e glebas;\u00b7 Avalia\u00e7\u00f5es Particulares na Compra e venda de im\u00f3veis;\u00b7 Avalia\u00e7\u00f5es para Cons\u00f3rcios Imobili\u00e1rios;\u00b7 Avalia\u00e7\u00f5es de im\u00f3veis para Bancos e Factorings;\u00b7 Revis\u00e3o para desapropria\u00e7\u00e3o por \u00f3rg\u00e3os municipais \u2013 estaduais &#8211; federais;\u00b7 Cis\u00e3o ou Fus\u00e3o de empresas;\u00b7 Em casos de Hipotecas e Seguros.<\/p>\n<p>[\/vc_column_text][\/vc_column_inner][\/vc_row_inner][vc_separator css=&#8221;.vc_custom_1700156828672{margin-top: 0px !important;margin-bottom: 0px !important;border-top-width: 0px !important;border-bottom-width: 0px !important;padding-top: 20px !important;padding-bottom: 20px !important;}&#8221;][vc_row_inner][vc_column_inner][vc_column_text]<img loading=\"lazy\" class=\"size-full wp-image-377 alignleft\" src=\"https:\/\/puglieseadvogados.com.br\/site\/wp-content\/uploads\/2018\/05\/Paulo-Garreta-200.jpg\" alt=\"\" width=\"200\" height=\"200\" srcset=\"https:\/\/puglieseadvogados.com.br\/site\/wp-content\/uploads\/2018\/05\/Paulo-Garreta-200.jpg 200w, https:\/\/puglieseadvogados.com.br\/site\/wp-content\/uploads\/2018\/05\/Paulo-Garreta-200-150x150.jpg 150w, https:\/\/puglieseadvogados.com.br\/site\/wp-content\/uploads\/2018\/05\/Paulo-Garreta-200-100x100.jpg 100w\" sizes=\"(max-width: 200px) 100vw, 200px\" \/><\/p>\n<p style=\"text-align: justify;\"><strong>Paulo Gazeta:\u00a0<\/strong>Ocean\u00f3grafo, especialista em gest\u00e3o universit\u00e1ria e mestre em sa\u00fade p\u00fablica na \u00e1rea de epidemiologia.\u00a0Atua com gest\u00e3o costeira desde 1985 nos tr\u00eas n\u00edveis do executivo, terceiro setor e iniciativa privada.<br \/>\nFoi consultor da SEMAM-PR \/ PNUMA na avalia\u00e7\u00e3o ambiental, pol\u00edtica e institucional do Plano Nacional de Gerenciamento Costeiro para a Rio 92 e para a avalia\u00e7\u00e3o dos ganhos legais e institucionais do Plano Nacional de Gerenciamento Costeiro entre 1992 e 2011 na Rio +20, bem como para o SEBRAE SP no desenvolvimento e implanta\u00e7\u00e3o do Programa de Gest\u00e3o Ambiental para micros e pequenas empresas dentre outras atividades para institui\u00e7\u00f5es nacionais e internacionais e participou do processo de implanta\u00e7\u00e3o e gest\u00e3o de unidades de conserva\u00e7\u00e3o marinha.<br \/>\n\u00c9 professor de cursos de gradua\u00e7\u00e3o e p\u00f3s-gradua\u00e7\u00e3o MBA nas \u00e1reas de meio ambiente e gest\u00e3o ambiental e atua na iniciativa privada na \u00e1rea de controle de eros\u00e3o costeira e restaura\u00e7\u00e3o de praias, qualidade das \u00e1guas, pesca e atividades extrativistas, bem como turismo n\u00e1utico.<br \/>\nTem como objetivo maior contribuir para que o uso do ambiente se d\u00ea de forma efetivamente sustent\u00e1vel, a partir da reparti\u00e7\u00e3o equ\u00e2nime dos recursos principalmente para as popula\u00e7\u00f5es tradicionais e extrativistas menos favorecidas e mais prejudicadas pela sociedade.<\/p>\n<p>[\/vc_column_text][\/vc_column_inner][\/vc_row_inner][vc_separator css=&#8221;.vc_custom_1700156828672{margin-top: 0px !important;margin-bottom: 0px !important;border-top-width: 0px !important;border-bottom-width: 0px !important;padding-top: 20px !important;padding-bottom: 20px !important;}&#8221;][vc_row_inner][vc_column_inner][vc_column_text]<\/p>\n<p style=\"text-align: justify;\"><strong><img loading=\"lazy\" class=\"alignleft size-full wp-image-1044\" src=\"https:\/\/puglieseadvogados.com.br\/site\/wp-content\/uploads\/2023\/11\/roque-perito.jpg\" alt=\"\" width=\"200\" height=\"200\" srcset=\"https:\/\/puglieseadvogados.com.br\/site\/wp-content\/uploads\/2023\/11\/roque-perito.jpg 200w, https:\/\/puglieseadvogados.com.br\/site\/wp-content\/uploads\/2023\/11\/roque-perito-150x150.jpg 150w\" sizes=\"(max-width: 200px) 100vw, 200px\" \/>Roque Alberto S\u00e1nchez D\u2019Alotto<\/strong><br \/>\nP\u00f3s-Doutor em Geografia especialidade An\u00e1lise Espacial de Dados (UFSC \u2013 Brasil)<br \/>\nDr. em Engenharia Civil especialidade Gest\u00e3o Territorial (UFSC \u2013 Brasil)<br \/>\nMestre em Engenharia Civil especialidade Cadastro T\u00e9cnico Multifinalit\u00e1rio (UFSC \u2013 Brasil)<br \/>\nCart\u00f3grafo (UNL \u2013 Argentina)<\/p>\n<p style=\"text-align: justify;\">Possui diploma de P\u00f3s-doutorado em Geografia, especialidade An\u00e1lise Espacial de Dados pela Universidade Federal de Santa Catarina, Brasil;de Doutor em Engenharia Civil, \u00e1rea de concentra\u00e7\u00e3o Cadastro T\u00e9cnico Multifinalit\u00e1rio e Gest\u00e3o Territorial, com estudos realizados na Universidade Federal de Santa Catarina, Brasil e na Universit\u00e4t Karlsruhe, Alemanha e Diploma de Mestre em Engenharia Civil, \u00e1rea de concentra\u00e7\u00e3o Cadastro T\u00e9cnico Multifinalit\u00e1rio obtido na Universidade Federal de Santa Catarina, Brasil. Forma\u00e7\u00e3o de base como Cart\u00f3grafo, diplomado pela Escola de Engenharia e Ci\u00eancias H\u00eddricas, Universidade Nacional do Litoral, Argentina.<br \/>\nParticipa desde 1992 na iniciativa privada como Consultor Independente e Perito na \u00e1rea tem\u00e1tica de Geoci\u00eancias, Gest\u00e3o Territorial e Planejamento, Sensoriamento Remoto e Sistemas de Informa\u00e7\u00e3o Geogr\u00e1fica, havendo fornecido servi\u00e7os para empresas e institui\u00e7\u00f5es tais como Banco Mundial, Engie Brasil Energia, G\u00e1s Natural do A\u00e7u, Petrobr\u00e1s, Cons\u00f3rcio Estreito Energia, Foz do Chapec\u00f3 Energia, S\u00e3o Roque Energ\u00e9tica, Rio Canoas Energia, Companhia Energ\u00e9tica S\u00e3o Salvador, Grupo Engevix\/Desenvix, Companhia de Desenvolvimento Econ\u00f4mico de Minas Gerais, Martifer Renov\u00e1veis, MPX Renov\u00e1veis, assim como para diversos Munic\u00edpios e Empreendimentos localizados nos Estados de Santa Catarina, Rio Grande do Sul, Paran\u00e1, S\u00e3o Paulo, Minas Gerais, Rond\u00f4nia, Tocantins, Maranh\u00e3o, Cear\u00e1, Esp\u00edrito Santo, Rio de Janeiro e Bahia.<br \/>\nFora do Brasil, desenvolveu atividades como Consultor para projetos desenvolvidos na Argentina, Uruguai, Paraguai, Estados Unidos, Nicar\u00e1gua, It\u00e1lia, S\u00e3o Tom\u00e9 e Pr\u00edncipe e Angola.<br \/>\nNo \u00e2mbito acad\u00eamico atuou como Coordenador Eleito e Professor do Curso de Engenharia Ambiental da Universidade do Sul de Santa Catarina, como Professor Titular Concursado nos cursos de Cartografia da Escola de Engenharia e Ci\u00eancias H\u00eddricas e nos cursos de Licenciatura e Bacharelado em Geografia da Escola de Humanidades e Ci\u00eancias, Universidade Nacional do Litoral, Argentina. Pesquisador cadastrado no Conselho Nacional de Desenvolvimento Cient\u00edfico e Tecnol\u00f3gico (CNPq) do Brasil e no Minist\u00e9rio de Cultura e Educa\u00e7\u00e3o, Buenos Aires, Argentina.<br \/>\nPublica\u00e7\u00f5es t\u00e9cnico-cient\u00edficas realizadas no Brasil, Argentina, Chile, Venezuela, Alemanha e Holanda.<br \/>\nCongressos, especializa\u00e7\u00f5es e cursos realizados no Brasil, Argentina, Chile, Alemanha, Espanha, Fran\u00e7a e Holanda.<\/p>\n<p>[\/vc_column_text][\/vc_column_inner][\/vc_row_inner][\/vc_column][\/vc_row]<\/p>\n<\/section>","protected":false},"excerpt":{"rendered":"<div class=\"slide-text-bg2\"><span> Edison Barbieri \u00e9 ocean\u00f3grafo com habilita\u00e7\u00e3o em oceanografia biol\u00f3gica e geol\u00f3gica, mestre em geografia f\u00edsica e concluiu o doutorado em Oceanogra<\/span><\/div>\n<div class=\"slide-btn-area-sm\"><a href=\"https:\/\/puglieseadvogados.com.br\/site\/peritos\/\" class=\"slide-btn-sm\">Ler mais<\/a><\/div>\n","protected":false},"author":1,"featured_media":0,"parent":0,"menu_order":0,"comment_status":"closed","ping_status":"closed","template":"","meta":[],"_links":{"self":[{"href":"https:\/\/puglieseadvogados.com.br\/site\/wp-json\/wp\/v2\/pages\/212"}],"collection":[{"href":"https:\/\/puglieseadvogados.com.br\/site\/wp-json\/wp\/v2\/pages"}],"about":[{"href":"https:\/\/puglieseadvogados.com.br\/site\/wp-json\/wp\/v2\/types\/page"}],"author":[{"embeddable":true,"href":"https:\/\/puglieseadvogados.com.br\/site\/wp-json\/wp\/v2\/users\/1"}],"replies":[{"embeddable":true,"href":"https:\/\/puglieseadvogados.com.br\/site\/wp-json\/wp\/v2\/comments?post=212"}],"version-history":[{"count":26,"href":"https:\/\/puglieseadvogados.com.br\/site\/wp-json\/wp\/v2\/pages\/212\/revisions"}],"predecessor-version":[{"id":1045,"href":"https:\/\/puglieseadvogados.com.br\/site\/wp-json\/wp\/v2\/pages\/212\/revisions\/1045"}],"wp:attachment":[{"href":"https:\/\/puglieseadvogados.com.br\/site\/wp-json\/wp\/v2\/media?parent=212"}],"curies":[{"name":"wp","href":"https:\/\/api.w.org\/{rel}","templated":true}]}}