{"id":209,"date":"2018-05-03T14:00:34","date_gmt":"2018-05-03T14:00:34","guid":{"rendered":"https:\/\/puglieseadvogados.com.br\/site\/?page_id=209"},"modified":"2023-11-21T17:15:27","modified_gmt":"2023-11-21T17:15:27","slug":"advogados","status":"publish","type":"page","link":"https:\/\/puglieseadvogados.com.br\/site\/advogados\/","title":{"rendered":"Advogados"},"content":{"rendered":"<section class=\"wpb-content-wrapper\"><p>[vc_row][vc_column][vc_column_text]<\/p>\n<p style=\"text-align: justify;\"><img loading=\"lazy\" class=\"alignleft wp-image-1085 size-full\" src=\"https:\/\/puglieseadvogados.com.br\/site\/wp-content\/uploads\/2023\/11\/drmarcelo-puglieseadvogados.png\" alt=\"\" width=\"200\" height=\"200\" srcset=\"https:\/\/puglieseadvogados.com.br\/site\/wp-content\/uploads\/2023\/11\/drmarcelo-puglieseadvogados.png 200w, https:\/\/puglieseadvogados.com.br\/site\/wp-content\/uploads\/2023\/11\/drmarcelo-puglieseadvogados-150x150.png 150w\" sizes=\"(max-width: 200px) 100vw, 200px\" \/><strong>Forma\u00e7\u00e3o Acad\u00eamica<br \/>\nGradua\u00e7\u00e3o em Ci\u00eancias Jur\u00eddicas e Sociais pela IESA \u2013 Instituto de Ensino Superior de Santo \u00c2ngelo &#8211; Santo \u00c2ngelo \/ RS, conclus\u00e3o em 2004.<\/strong><\/p>\n<p style=\"text-align: justify;\">P\u00f3s-gradua\u00e7\u00e3o conclu\u00edda<br \/>\nEspecialista em Direito Tribut\u00e1rio e Contabilidade Tribut\u00e1ria \u2013 Centro Universit\u00e1rio da Cat\u00f3lica de Santa Catarina, conclus\u00e3o em 2020.<\/p>\n<p>[\/vc_column_text][\/vc_column][\/vc_row][vc_row][vc_column][vc_separator css=&#8221;.vc_custom_1700586648301{margin-top: 0px !important;margin-bottom: 0px !important;border-top-width: 0px !important;border-bottom-width: 0px !important;padding-top: 20px !important;padding-bottom: 20px !important;}&#8221;][\/vc_column][\/vc_row][vc_row][vc_column][vc_column_text]<\/p>\n<p style=\"text-align: justify;\"><img loading=\"lazy\" class=\"size-full wp-image-365 alignleft\" src=\"https:\/\/puglieseadvogados.com.br\/site\/wp-content\/uploads\/2018\/05\/ademar-ribas-do-vale-200.jpg\" alt=\"\" width=\"200\" height=\"200\" srcset=\"https:\/\/puglieseadvogados.com.br\/site\/wp-content\/uploads\/2018\/05\/ademar-ribas-do-vale-200.jpg 200w, https:\/\/puglieseadvogados.com.br\/site\/wp-content\/uploads\/2018\/05\/ademar-ribas-do-vale-200-150x150.jpg 150w, https:\/\/puglieseadvogados.com.br\/site\/wp-content\/uploads\/2018\/05\/ademar-ribas-do-vale-200-100x100.jpg 100w\" sizes=\"(max-width: 200px) 100vw, 200px\" \/><strong>Ademar Ribas do Vale:\u00a0<\/strong>Trata-se de parceiro que integra a equipe de advogados atuando no norte do Estado de Santa Catarina.<\/p>\n<p>[\/vc_column_text][\/vc_column][\/vc_row][vc_row][vc_column][vc_separator css=&#8221;.vc_custom_1700586648301{margin-top: 0px !important;margin-bottom: 0px !important;border-top-width: 0px !important;border-bottom-width: 0px !important;padding-top: 20px !important;padding-bottom: 20px !important;}&#8221;][\/vc_column][\/vc_row][vc_row][vc_column][vc_column_text]<\/p>\n<p style=\"text-align: justify;\"><img loading=\"lazy\" class=\"size-full wp-image-388 alignleft\" src=\"https:\/\/puglieseadvogados.com.br\/site\/wp-content\/uploads\/2018\/05\/severino-Q_200.jpg\" alt=\"\" width=\"200\" height=\"200\" srcset=\"https:\/\/puglieseadvogados.com.br\/site\/wp-content\/uploads\/2018\/05\/severino-Q_200.jpg 200w, https:\/\/puglieseadvogados.com.br\/site\/wp-content\/uploads\/2018\/05\/severino-Q_200-150x150.jpg 150w, https:\/\/puglieseadvogados.com.br\/site\/wp-content\/uploads\/2018\/05\/severino-Q_200-100x100.jpg 100w\" sizes=\"(max-width: 200px) 100vw, 200px\" \/><strong>Antonio Severino dos Santos:\u00a0<\/strong>Advogado colaborativo \u2013 OAB-SP 317.035<br \/>\nPresidente da ACEC \u2013 Associa\u00e7\u00e3o Comercial e Empresarial de Canan\u00e9ia (2003- 2007) e Tesoureiro \u2013 (2007-2013)<br \/>\nDiretor de Patrim\u00f4nio da Sociedade Amigos da Velhice de Canan\u00e9ia\u2013SAVC (2009- 2011)<br \/>\nTesoureiro do Motoclube &#8211; Associa\u00e7\u00e3o dos Motociclistas de Canan\u00e9ia (2009 a 2013)<br \/>\nSubdelegado do CRECI (2016)<br \/>\nPresidente da APAE Cananeia \u2013 Associa\u00e7\u00e3o de Pais e Amigos dos Excepcionais de Cananeia, a partir de 01.10.2017<br \/>\nJuiz de Paz \u2013 suplente, a partir de 30.08.2006;<br \/>\nConciliador no Juizado Especial C\u00edvel da Comarca, a partir de 11.06.2008, conforme compromisso lavrado \u00e0 folha 06 do Livro de Compromisso de Conciliadores n\u00ba 01;<br \/>\nConciliador na \u00c1rea de Fam\u00edlia da Comarca, a partir de 11.07.2013, conforme Portaria n\u00ba 002\/2013 do Juizo de Direito da Comarca (Dr\u00aa Fernanda Franco Bueno C\u00e1ceres);<br \/>\nMediador\/Conciliador no CEJUSC Registro desde 04.05.2017<\/p>\n<p>[\/vc_column_text][\/vc_column][\/vc_row][vc_row][vc_column][vc_separator css=&#8221;.vc_custom_1700586648301{margin-top: 0px !important;margin-bottom: 0px !important;border-top-width: 0px !important;border-bottom-width: 0px !important;padding-top: 20px !important;padding-bottom: 20px !important;}&#8221;][\/vc_column][\/vc_row][vc_row][vc_column][vc_column_text]<img loading=\"lazy\" class=\"size-full wp-image-181 alignleft\" src=\"https:\/\/puglieseadvogados.com.br\/site\/wp-content\/uploads\/2018\/05\/henrique-q-200x200.jpg\" alt=\"\" width=\"200\" height=\"200\" srcset=\"https:\/\/puglieseadvogados.com.br\/site\/wp-content\/uploads\/2018\/05\/henrique-q-200x200.jpg 200w, https:\/\/puglieseadvogados.com.br\/site\/wp-content\/uploads\/2018\/05\/henrique-q-200x200-150x150.jpg 150w, https:\/\/puglieseadvogados.com.br\/site\/wp-content\/uploads\/2018\/05\/henrique-q-200x200-100x100.jpg 100w\" sizes=\"(max-width: 200px) 100vw, 200px\" \/><\/p>\n<p style=\"text-align: justify;\"><strong>Henrique Willecke Passold:\u00a0<\/strong>Advogado. Formado em Direito com habilita\u00e7\u00e3o em Direito Empresarial e Ambiental pela FURB &#8211; Funda\u00e7\u00e3o Universidade Regional de Blumenau, em 2008. Possui especializa\u00e7\u00f5es jur\u00eddicas pela Escola Superior da Magistratura do Estado de Santa Catarina (ESMESC). Foi membro da Comiss\u00e3o de Direito Notarial e Registros P\u00fablicos (OAB\/SC). Possui atua\u00e7\u00e3o em entidades empresariais, associa\u00e7\u00e3o desportiva, projetos culturais e musicais. \u00c9 membro e auditor do Superior Tribunal de Justi\u00e7a Desportiva (STJD) da Confedera\u00e7\u00e3o Brasileira de Remo (CBR). Possui atua\u00e7\u00e3o profissional em consultoria e assessoria jur\u00eddica em Direito Civil (Contratos, Responsabilidade Civil, Consumidor e Sucess\u00f5es), Direito Empresarial e Direito do Trabalho. Atende em Blumenau e no litoral de Santa Catarina.<\/p>\n<p>[\/vc_column_text][\/vc_column][\/vc_row][vc_row][vc_column][vc_separator css=&#8221;.vc_custom_1700586648301{margin-top: 0px !important;margin-bottom: 0px !important;border-top-width: 0px !important;border-bottom-width: 0px !important;padding-top: 20px !important;padding-bottom: 20px !important;}&#8221;][\/vc_column][\/vc_row][vc_row][vc_column][vc_column_text]<\/p>\n<p style=\"text-align: justify;\"><img loading=\"lazy\" class=\"alignleft wp-image-898 size-full\" src=\"https:\/\/puglieseadvogados.com.br\/site\/wp-content\/uploads\/2018\/06\/sandra-200.jpg\" alt=\"\" width=\"200\" height=\"200\" srcset=\"https:\/\/puglieseadvogados.com.br\/site\/wp-content\/uploads\/2018\/06\/sandra-200.jpg 200w, https:\/\/puglieseadvogados.com.br\/site\/wp-content\/uploads\/2018\/06\/sandra-200-150x150.jpg 150w\" sizes=\"(max-width: 200px) 100vw, 200px\" \/><strong>Sandra Maciel:\u00a0<\/strong>Formada em Direito pela Universidade da Regi\u00e3o de Joinville &#8211; UNIVILLE. P\u00f3s-graduada em Direito P\u00fablico Constitucional e Administrativo pela Universidade do Vale do Itaja\u00ed &#8211; UNIVALI. Professora de P\u00f3s Gradua\u00e7\u00e3o no curso MBA em Gest\u00e3o Tribut\u00e1ria do Centro Universit\u00e1rio UNA (MG). Advogada com atua\u00e7\u00e3o profissional em Direito Civil, Direito Imobili\u00e1rio e Direito Empresarial, na cidade de Joinville e litoral norte de Santa Catarina.<\/p>\n<p>[\/vc_column_text][\/vc_column][\/vc_row]<\/p>\n<\/section>","protected":false},"excerpt":{"rendered":"<div class=\"slide-text-bg2\"><span> Forma\u00e7\u00e3o Acad\u00eamica Gradua\u00e7\u00e3o em Ci\u00eancias Jur\u00eddicas e Sociais pela IESA \u2013 Instituto de Ensino Superior de Santo \u00c2ngelo &#8211; Santo \u00c2ngelo \/ RS<\/span><\/div>\n<div class=\"slide-btn-area-sm\"><a href=\"https:\/\/puglieseadvogados.com.br\/site\/advogados\/\" class=\"slide-btn-sm\">Ler mais<\/a><\/div>\n","protected":false},"author":1,"featured_media":0,"parent":0,"menu_order":0,"comment_status":"closed","ping_status":"closed","template":"","meta":[],"_links":{"self":[{"href":"https:\/\/puglieseadvogados.com.br\/site\/wp-json\/wp\/v2\/pages\/209"}],"collection":[{"href":"https:\/\/puglieseadvogados.com.br\/site\/wp-json\/wp\/v2\/pages"}],"about":[{"href":"https:\/\/puglieseadvogados.com.br\/site\/wp-json\/wp\/v2\/types\/page"}],"author":[{"embeddable":true,"href":"https:\/\/puglieseadvogados.com.br\/site\/wp-json\/wp\/v2\/users\/1"}],"replies":[{"embeddable":true,"href":"https:\/\/puglieseadvogados.com.br\/site\/wp-json\/wp\/v2\/comments?post=209"}],"version-history":[{"count":22,"href":"https:\/\/puglieseadvogados.com.br\/site\/wp-json\/wp\/v2\/pages\/209\/revisions"}],"predecessor-version":[{"id":1089,"href":"https:\/\/puglieseadvogados.com.br\/site\/wp-json\/wp\/v2\/pages\/209\/revisions\/1089"}],"wp:attachment":[{"href":"https:\/\/puglieseadvogados.com.br\/site\/wp-json\/wp\/v2\/media?parent=209"}],"curies":[{"name":"wp","href":"https:\/\/api.w.org\/{rel}","templated":true}]}}